{"id":8026,"date":"2025-07-01T11:25:47","date_gmt":"2025-07-01T15:25:47","guid":{"rendered":"https:\/\/www.terenos.ms.gov.br\/?page_id=8026"},"modified":"2025-07-10T18:14:40","modified_gmt":"2025-07-10T22:14:40","slug":"fundeb-2","status":"publish","type":"page","link":"https:\/\/www.terenos.ms.gov.br\/?page_id=8026","title":{"rendered":"FUNDEB 2"},"content":{"rendered":"<p>[et_pb_section fb_built=&#8221;1&#8243; fullwidth=&#8221;on&#8221; _builder_version=&#8221;4.9.0&#8243; _module_preset=&#8221;default&#8221; top_divider_style=&#8221;wave&#8221; top_divider_color=&#8221;#FFFFFF&#8221; top_divider_height=&#8221;83px&#8221; top_divider_height_tablet=&#8221;&#8221; top_divider_height_phone=&#8221;41px&#8221; top_divider_height_last_edited=&#8221;on|phone&#8221; bottom_divider_style=&#8221;wave&#8221; bottom_divider_color=&#8221;#FFFFFF&#8221; bottom_divider_height=&#8221;75px&#8221; bottom_divider_height_tablet=&#8221;&#8221; bottom_divider_height_phone=&#8221;42px&#8221; bottom_divider_height_last_edited=&#8221;on|phone&#8221;][et_pb_fullwidth_header title=&#8221;Conselho da FUNDEB&#8221; subhead=&#8221;CACS&#8221; text_orientation=&#8221;center&#8221; _builder_version=&#8221;4.9.0&#8243; _module_preset=&#8221;default&#8221; title_font=&#8221;Montserrat|900|||||||&#8221; title_font_size=&#8221;36px&#8221; subhead_font=&#8221;Montserrat||||||||&#8221; subhead_font_size=&#8221;26px&#8221; background_color=&#8221;#38536b&#8221; background_image=&#8221;http:\/\/www.terenos.ms.gov.br\/wp-content\/uploads\/teste-4.jpg&#8221; custom_padding=&#8221;99px||92px|||&#8221;][\/et_pb_fullwidth_header][\/et_pb_section][et_pb_section fb_built=&#8221;1&#8243; _builder_version=&#8221;4.9.0&#8243; _module_preset=&#8221;default&#8221;][et_pb_row _builder_version=&#8221;4.9.0&#8243; _module_preset=&#8221;default&#8221;][et_pb_column type=&#8221;4_4&#8243; _builder_version=&#8221;4.9.0&#8243; _module_preset=&#8221;default&#8221;][et_pb_blurb title=&#8221;Secret\u00e1ria de Educa\u00e7\u00e3o, Cultura, Esporte e Lazer&#8221; image=&#8221;http:\/\/www.terenos.ms.gov.br\/wp-content\/uploads\/perfil-mulher.png&#8221; image_max_width=&#8221;19%&#8221; content_max_width=&#8221;362px&#8221; _builder_version=&#8221;4.9.0&#8243; _module_preset=&#8221;default&#8221; header_font=&#8221;Montserrat|900|||||||&#8221; header_text_color=&#8221;#38536b&#8221; header_line_height=&#8221;1.3em&#8221; body_font=&#8221;Montserrat||||||||&#8221; body_font_size=&#8221;20px&#8221; text_orientation=&#8221;center&#8221; module_alignment=&#8221;center&#8221;]<\/p>\n<p>Carla Castro Rezende Diniz Brand\u00e3o<\/p>\n<p>[\/et_pb_blurb][\/et_pb_column][\/et_pb_row][\/et_pb_section][et_pb_section fb_built=&#8221;1&#8243; _builder_version=&#8221;4.9.0&#8243; _module_preset=&#8221;default&#8221;][et_pb_row _builder_version=&#8221;4.9.0&#8243; _module_preset=&#8221;default&#8221; custom_padding=&#8221;78px|||||&#8221;][et_pb_column type=&#8221;4_4&#8243; _builder_version=&#8221;4.9.0&#8243; _module_preset=&#8221;default&#8221;][et_pb_text _builder_version=&#8221;4.9.0&#8243; _module_preset=&#8221;default&#8221; text_font=&#8221;Montserrat||||||||&#8221; hover_enabled=&#8221;0&#8243; sticky_enabled=&#8221;0&#8243;]<\/p>\n<p style=\"text-align: center;\"><strong>MEMBROS DO CONSELHO MUNICIPAL DE ACOMPANHAMENTO E CONTROLE SOCIAL DO FUNDEB PARA O QUADRI\u00caNIO DE 2023 A 2026:<\/strong><\/p>\n<table width=\"662\">\n<tbody>\n<tr style=\"text-align: center;\">\n<td width=\"662\"><strong>REPRESENTANTES DE ORGANIZA\u00c7\u00d5ES DA SOCIEDADE CIVIL<\/strong><\/td>\n<\/tr>\n<tr style=\"text-align: center;\">\n<td width=\"662\">\n<p><em>MEMBROS DA SELETA SOCIEDADE CARITATIVA E HUMANIT\u00c1RIA<\/em><\/p>\n<p>&nbsp;<\/p>\n<p>Titular: Moacyr Cec\u00edlio da Costa Neto<\/p>\n<p>Suplente: Tiago Rodrigues da Silva<\/p>\n<\/td>\n<\/tr>\n<tr style=\"text-align: center;\">\n<td width=\"662\">\n<p><em>MEMBROS DA ASSOCIA\u00c7\u00c3O PESTALOZZI DE TERENOS<\/em><\/p>\n<p>&nbsp;<\/p>\n<p>Titular: Maria Freitas dos Santos Ferreira<\/p>\n<p>Suplente: Denise de Souza Lopes Silva<\/p>\n<\/td>\n<\/tr>\n<tr style=\"text-align: center;\">\n<td width=\"662\"><strong>REPRESENTANTES DOS PAIS DE ALUNOS DA EDUCA\u00c7\u00c3O B\u00c1SICA P\u00daBLICA<\/strong><\/td>\n<\/tr>\n<tr style=\"text-align: center;\">\n<td width=\"662\">\n<p>Titular: Rafael Nilmes Silveira de Rezende<\/p>\n<p>&nbsp;<\/p>\n<p>Titular: Thairine Pessoa Moslaves de Azevedo<\/p>\n<p>Suplente: Julio Cesar Lopes Ribeiro<\/p>\n<p>Suplente: R\u00fabia Ferreira Penedo<\/p>\n<\/td>\n<\/tr>\n<tr style=\"text-align: center;\">\n<td width=\"662\"><strong>REPRESENTANTES ESTUDANTES DA EDUCA\u00c7\u00c3O B\u00c1SICA P\u00daBLICA (REPRESENTANTE DOS ESTUDANTES DA EDUCA\u00c7\u00c3O B\u00c1SICA P\u00daBLICA MAIOR DE 18 ANOS, QUE PODER\u00c1 SER REPRESENTADO POR UM PAI DE ALUNO, PROFESSOR OU UM FUNCION\u00c1RIO ADMINISTRATIVO).<\/strong><\/td>\n<\/tr>\n<tr style=\"text-align: center;\">\n<td width=\"662\">\n<p>Titular: Keila Almeida da Silva de Lima<\/p>\n<p>&nbsp;<\/p>\n<p>Titular: C\u00e9sar Antonio Macedo Glagau<\/p>\n<p>Suplente: Fernanda Campidelle da Silva<\/p>\n<p>Suplente: Rodrigo da Silva Rolim<\/p>\n<\/td>\n<\/tr>\n<tr style=\"text-align: center;\">\n<td width=\"662\"><strong>REPRESENTANTES DO PODER EXECUTIVO MUNICIPAL<\/strong><\/td>\n<\/tr>\n<tr style=\"text-align: center;\">\n<td width=\"662\">\n<p>Titular: So\u00e9li dos Santos Rodrigues<\/p>\n<p>&nbsp;<\/p>\n<p>Suplente: Pedrina Gomes da Silva<\/p>\n<p>Titular: Carla Rejane Ribas Vieira<\/p>\n<p>Suplente: Aparecida Gomes Xavier<\/p>\n<\/td>\n<\/tr>\n<tr style=\"text-align: center;\">\n<td width=\"662\"><strong>REPRESENTANTES DA ESCOLA QUILOMBOLA<\/strong><\/td>\n<\/tr>\n<tr style=\"text-align: center;\">\n<td width=\"662\">\n<p>Titular: Iara Karine da Silva Morel<\/p>\n<p>&nbsp;<\/p>\n<p>Suplente: Lidiane Souza Cavichioli<\/p>\n<\/td>\n<\/tr>\n<tr style=\"text-align: center;\">\n<td width=\"662\"><strong>REPRESENTANTES DOS PROFESSORES DA EDUCA\u00c7\u00c3O B\u00c1SICA P\u00daBLICA<\/strong><\/td>\n<\/tr>\n<tr style=\"text-align: center;\">\n<td width=\"662\">\n<p>Titular: V\u00e2nia Maria Almeida da Silva<\/p>\n<p>&nbsp;<\/p>\n<p>Suplente: Irenice Rodrigues Vieira<\/p>\n<\/td>\n<\/tr>\n<tr style=\"text-align: center;\">\n<td width=\"662\"><strong>REPRESENTANTES DOS DIRETORES DAS ESCOLAS B\u00c1SICAS P\u00daBLICAS<\/strong><\/td>\n<\/tr>\n<tr style=\"text-align: center;\">\n<td width=\"662\">\n<p>Titular: Edmilson Fagundes de Moura<\/p>\n<p>&nbsp;<\/p>\n<p>Suplente: Cristiniana Marina da Silva<\/p>\n<\/td>\n<\/tr>\n<tr style=\"text-align: center;\">\n<td width=\"662\"><strong>REPRESENTANTES DOS SERVIDORES T\u00c9CNICOS-ADMINISTRATIVOS DAS ESCOLAS B\u00c1SICAS P\u00daBLICAS<\/strong><\/td>\n<\/tr>\n<tr style=\"text-align: center;\">\n<td width=\"662\">\n<p>Titular: Emerson Fonseca Castro<\/p>\n<p>&nbsp;<\/p>\n<p>Suplente: Marin\u00eas dos Santos Donxeva Jer\u00f4nimo<\/p>\n<\/td>\n<\/tr>\n<tr style=\"text-align: center;\">\n<td width=\"662\"><strong>REPRESENTANTES DA ESCOLAS DE CAMPO<\/strong><\/td>\n<\/tr>\n<tr style=\"text-align: center;\">\n<td width=\"662\">\n<p>Titular: Eveline do Nascimento Ribas<\/p>\n<p>&nbsp;<\/p>\n<p>Suplente: Fernanda dos Santos Martins Hayakama<\/p>\n<\/td>\n<\/tr>\n<tr style=\"text-align: center;\">\n<td width=\"662\"><strong>REPRESENTANTE DO CONSELHO TUTELAR TITULAR<\/strong><\/td>\n<\/tr>\n<tr>\n<td width=\"662\">\n<p style=\"text-align: center;\">Titular: Carmen Leia Marques<\/p>\n<p style=\"text-align: center;\">\n<p style=\"text-align: center;\">Suplente Khalil Issan Pereira Ltaif<\/p>\n<\/td>\n<\/tr>\n<tr>\n<td width=\"662\"><\/td>\n<\/tr>\n<\/tbody>\n<\/table>\n<p><strong><\/strong><\/p>\n<p>[\/et_pb_text][\/et_pb_column][\/et_pb_row][\/et_pb_section][et_pb_section fb_built=&#8221;1&#8243; prev_background_color=&#8221;#ffffff&#8221; _builder_version=&#8221;4.9.0&#8243; _module_preset=&#8221;default&#8221; background_color=&#8221;#f6eeee&#8221; custom_padding=&#8221;164px|||||&#8221; top_divider_style=&#8221;wave&#8221;][et_pb_row column_structure=&#8221;1_3,1_3,1_3&#8243; _builder_version=&#8221;4.9.0&#8243; _module_preset=&#8221;default&#8221;][et_pb_column type=&#8221;1_3&#8243; _builder_version=&#8221;4.9.0&#8243; _module_preset=&#8221;default&#8221;][et_pb_blog include_categories=&#8221;62&#8243; _builder_version=&#8221;4.9.0&#8243; _module_preset=&#8221;default&#8221;][\/et_pb_blog][\/et_pb_column][et_pb_column type=&#8221;1_3&#8243; _builder_version=&#8221;4.9.0&#8243; _module_preset=&#8221;default&#8221;][\/et_pb_column][et_pb_column type=&#8221;1_3&#8243; _builder_version=&#8221;4.9.0&#8243; _module_preset=&#8221;default&#8221;][\/et_pb_column][\/et_pb_row][\/et_pb_section]<\/p>\n","protected":false},"excerpt":{"rendered":"<p>[et_pb_section fb_built=&#8221;1&#8243; fullwidth=&#8221;on&#8221; _builder_version=&#8221;4.9.0&#8243; _module_preset=&#8221;default&#8221; top_divider_style=&#8221;wave&#8221; top_divider_color=&#8221;#FFFFFF&#8221; top_divider_height=&#8221;83px&#8221; top_divider_height_tablet=&#8221;&#8221; top_divider_height_phone=&#8221;41px&#8221; top_divider_height_last_edited=&#8221;on|phone&#8221; bottom_divider_style=&#8221;wave&#8221; bottom_divider_color=&#8221;#FFFFFF&#8221; bottom_divider_height=&#8221;75px&#8221; bottom_divider_height_tablet=&#8221;&#8221; bottom_divider_height_phone=&#8221;42px&#8221; bottom_divider_height_last_edited=&#8221;on|phone&#8221;][et_pb_fullwidth_header title=&#8221;Conselho da FUNDEB&#8221; subhead=&#8221;CACS&#8221; text_orientation=&#8221;center&#8221; _builder_version=&#8221;4.9.0&#8243; _module_preset=&#8221;default&#8221; title_font=&#8221;Montserrat|900|||||||&#8221; title_font_size=&#8221;36px&#8221; subhead_font=&#8221;Montserrat||||||||&#8221; subhead_font_size=&#8221;26px&#8221; background_color=&#8221;#38536b&#8221; background_image=&#8221;http:\/\/www.terenos.ms.gov.br\/wp-content\/uploads\/teste-4.jpg&#8221; custom_padding=&#8221;99px||92px|||&#8221;][\/et_pb_fullwidth_header][\/et_pb_section][et_pb_section fb_built=&#8221;1&#8243; _builder_version=&#8221;4.9.0&#8243; _module_preset=&#8221;default&#8221;][et_pb_row _builder_version=&#8221;4.9.0&#8243; _module_preset=&#8221;default&#8221;][et_pb_column type=&#8221;4_4&#8243; _builder_version=&#8221;4.9.0&#8243; _module_preset=&#8221;default&#8221;][et_pb_blurb title=&#8221;Secret\u00e1ria de Educa\u00e7\u00e3o, Cultura, Esporte e Lazer&#8221; image=&#8221;http:\/\/www.terenos.ms.gov.br\/wp-content\/uploads\/perfil-mulher.png&#8221; image_max_width=&#8221;19%&#8221; content_max_width=&#8221;362px&#8221; _builder_version=&#8221;4.9.0&#8243; _module_preset=&#8221;default&#8221; header_font=&#8221;Montserrat|900|||||||&#8221; header_text_color=&#8221;#38536b&#8221; header_line_height=&#8221;1.3em&#8221; body_font=&#8221;Montserrat||||||||&#8221; [&hellip;]<\/p>\n","protected":false},"author":5,"featured_media":0,"parent":0,"menu_order":0,"comment_status":"closed","ping_status":"closed","template":"","meta":{"_et_pb_use_builder":"on","_et_pb_old_content":"","_et_gb_content_width":"","footnotes":""},"class_list":["post-8026","page","type-page","status-publish","hentry"],"_links":{"self":[{"href":"https:\/\/www.terenos.ms.gov.br\/index.php?rest_route=\/wp\/v2\/pages\/8026","targetHints":{"allow":["GET"]}}],"collection":[{"href":"https:\/\/www.terenos.ms.gov.br\/index.php?rest_route=\/wp\/v2\/pages"}],"about":[{"href":"https:\/\/www.terenos.ms.gov.br\/index.php?rest_route=\/wp\/v2\/types\/page"}],"author":[{"embeddable":true,"href":"https:\/\/www.terenos.ms.gov.br\/index.php?rest_route=\/wp\/v2\/users\/5"}],"replies":[{"embeddable":true,"href":"https:\/\/www.terenos.ms.gov.br\/index.php?rest_route=%2Fwp%2Fv2%2Fcomments&post=8026"}],"version-history":[{"count":8,"href":"https:\/\/www.terenos.ms.gov.br\/index.php?rest_route=\/wp\/v2\/pages\/8026\/revisions"}],"predecessor-version":[{"id":8052,"href":"https:\/\/www.terenos.ms.gov.br\/index.php?rest_route=\/wp\/v2\/pages\/8026\/revisions\/8052"}],"wp:attachment":[{"href":"https:\/\/www.terenos.ms.gov.br\/index.php?rest_route=%2Fwp%2Fv2%2Fmedia&parent=8026"}],"curies":[{"name":"wp","href":"https:\/\/api.w.org\/{rel}","templated":true}]}}

<p>[et_pb_section fb_built=&#8221;1&#8243; fullwidth=&#8221;on&#8221; _builder_version=&#8221;4.9.0&#8243; _module_preset=&#8221;default&#8221; top_divider_style=&#8221;wave&#8221; top_divider_color=&#8221;#FFFFFF&#8221; top_divider_height=&#8221;83px&#8221; top_divider_height_tablet=&#8221;&#8221; top_divider_height_phone=&#8221;41px&#8221; top_divider_height_last_edited=&#8221;on|phone&#8221; bottom_divider_style=&#8221;wave&#8221; bottom_divider_color=&#8221;#FFFFFF&#8221; bottom_divider_height=&#8221;75px&#8221; bottom_divider_height_tablet=&#8221;&#8221; bottom_divider_height_phone=&#8221;42px&#8221; bottom_divider_height_last_edited=&#8221;on|phone&#8221;][et_pb_fullwidth_header title=&#8221;Conselho da FUNDEB&#8221; subhead=&#8221;CACS&#8221; text_orientation=&#8221;center&#8221; _builder_version=&#8221;4.9.0&#8243; _module_preset=&#8221;default&#8221; title_font=&#8221;Montserrat|900|||||||&#8221; title_font_size=&#8221;36px&#8221; subhead_font=&#8221;Montserrat||||||||&#8221; subhead_font_size=&#8221;26px&#8221; background_color=&#8221;#38536b&#8221; background_image=&#8221;http://www.terenos.ms.gov.br/wp-content/uploads/teste-4.jpg&#8221; custom_padding=&#8221;99px||92px|||&#8221;][/et_pb_fullwidth_header][/et_pb_section][et_pb_section fb_built=&#8221;1&#8243; _builder_version=&#8221;4.9.0&#8243; _module_preset=&#8221;default&#8221;][et_pb_row _builder_version=&#8221;4.9.0&#8243; _module_preset=&#8221;default&#8221;][et_pb_column type=&#8221;4_4&#8243; _builder_version=&#8221;4.9.0&#8243; _module_preset=&#8221;default&#8221;][et_pb_blurb title=&#8221;Secretária de Educação, Cultura, Esporte e Lazer&#8221; image=&#8221;http://www.terenos.ms.gov.br/wp-content/uploads/perfil-mulher.png&#8221; image_max_width=&#8221;19%&#8221; content_max_width=&#8221;362px&#8221; _builder_version=&#8221;4.9.0&#8243; _module_preset=&#8221;default&#8221; header_font=&#8221;Montserrat|900|||||||&#8221; header_text_color=&#8221;#38536b&#8221; header_line_height=&#8221;1.3em&#8221; body_font=&#8221;Montserrat||||||||&#8221; body_font_size=&#8221;20px&#8221; text_orientation=&#8221;center&#8221; module_alignment=&#8221;center&#8221;]</p>
<p>Carla Castro Rezende Diniz Brandão</p>
<p>[/et_pb_blurb][/et_pb_column][/et_pb_row][/et_pb_section][et_pb_section fb_built=&#8221;1&#8243; _builder_version=&#8221;4.9.0&#8243; _module_preset=&#8221;default&#8221;][et_pb_row _builder_version=&#8221;4.9.0&#8243; _module_preset=&#8221;default&#8221; custom_padding=&#8221;78px|||||&#8221;][et_pb_column type=&#8221;4_4&#8243; _builder_version=&#8221;4.9.0&#8243; _module_preset=&#8221;default&#8221;][et_pb_text _builder_version=&#8221;4.9.0&#8243; _module_preset=&#8221;default&#8221; text_font=&#8221;Montserrat||||||||&#8221; hover_enabled=&#8221;0&#8243; sticky_enabled=&#8221;0&#8243;]</p>
<p style="text-align: center;"><strong>MEMBROS DO CONSELHO MUNICIPAL DE ACOMPANHAMENTO E CONTROLE SOCIAL DO FUNDEB PARA O QUADRIÊNIO DE 2023 A 2026:</strong></p>
<table width="662">
<tbody>
<tr style="text-align: center;">
<td width="662"><strong>REPRESENTANTES DE ORGANIZAÇÕES DA SOCIEDADE CIVIL</strong></td>
</tr>
<tr style="text-align: center;">
<td width="662">
<p><em>MEMBROS DA SELETA SOCIEDADE CARITATIVA E HUMANITÁRIA</em></p>
<p>&nbsp;</p>
<p>Titular: Moacyr Cecílio da Costa Neto</p>
<p>Suplente: Tiago Rodrigues da Silva</p>
</td>
</tr>
<tr style="text-align: center;">
<td width="662">
<p><em>MEMBROS DA ASSOCIAÇÃO PESTALOZZI DE TERENOS</em></p>
<p>&nbsp;</p>
<p>Titular: Maria Freitas dos Santos Ferreira</p>
<p>Suplente: Denise de Souza Lopes Silva</p>
</td>
</tr>
<tr style="text-align: center;">
<td width="662"><strong>REPRESENTANTES DOS PAIS DE ALUNOS DA EDUCAÇÃO BÁSICA PÚBLICA</strong></td>
</tr>
<tr style="text-align: center;">
<td width="662">
<p>Titular: Rafael Nilmes Silveira de Rezende</p>
<p>&nbsp;</p>
<p>Titular: Thairine Pessoa Moslaves de Azevedo</p>
<p>Suplente: Julio Cesar Lopes Ribeiro</p>
<p>Suplente: Rúbia Ferreira Penedo</p>
</td>
</tr>
<tr style="text-align: center;">
<td width="662"><strong>REPRESENTANTES ESTUDANTES DA EDUCAÇÃO BÁSICA PÚBLICA (REPRESENTANTE DOS ESTUDANTES DA EDUCAÇÃO BÁSICA PÚBLICA MAIOR DE 18 ANOS, QUE PODERÁ SER REPRESENTADO POR UM PAI DE ALUNO, PROFESSOR OU UM FUNCIONÁRIO ADMINISTRATIVO).</strong></td>
</tr>
<tr style="text-align: center;">
<td width="662">
<p>Titular: Keila Almeida da Silva de Lima</p>
<p>&nbsp;</p>
<p>Titular: César Antonio Macedo Glagau</p>
<p>Suplente: Fernanda Campidelle da Silva</p>
<p>Suplente: Rodrigo da Silva Rolim</p>
</td>
</tr>
<tr style="text-align: center;">
<td width="662"><strong>REPRESENTANTES DO PODER EXECUTIVO MUNICIPAL</strong></td>
</tr>
<tr style="text-align: center;">
<td width="662">
<p>Titular: Soéli dos Santos Rodrigues</p>
<p>&nbsp;</p>
<p>Suplente: Pedrina Gomes da Silva</p>
<p>Titular: Carla Rejane Ribas Vieira</p>
<p>Suplente: Aparecida Gomes Xavier</p>
</td>
</tr>
<tr style="text-align: center;">
<td width="662"><strong>REPRESENTANTES DA ESCOLA QUILOMBOLA</strong></td>
</tr>
<tr style="text-align: center;">
<td width="662">
<p>Titular: Iara Karine da Silva Morel</p>
<p>&nbsp;</p>
<p>Suplente: Lidiane Souza Cavichioli</p>
</td>
</tr>
<tr style="text-align: center;">
<td width="662"><strong>REPRESENTANTES DOS PROFESSORES DA EDUCAÇÃO BÁSICA PÚBLICA</strong></td>
</tr>
<tr style="text-align: center;">
<td width="662">
<p>Titular: Vânia Maria Almeida da Silva</p>
<p>&nbsp;</p>
<p>Suplente: Irenice Rodrigues Vieira</p>
</td>
</tr>
<tr style="text-align: center;">
<td width="662"><strong>REPRESENTANTES DOS DIRETORES DAS ESCOLAS BÁSICAS PÚBLICAS</strong></td>
</tr>
<tr style="text-align: center;">
<td width="662">
<p>Titular: Edmilson Fagundes de Moura</p>
<p>&nbsp;</p>
<p>Suplente: Cristiniana Marina da Silva</p>
</td>
</tr>
<tr style="text-align: center;">
<td width="662"><strong>REPRESENTANTES DOS SERVIDORES TÉCNICOS-ADMINISTRATIVOS DAS ESCOLAS BÁSICAS PÚBLICAS</strong></td>
</tr>
<tr style="text-align: center;">
<td width="662">
<p>Titular: Emerson Fonseca Castro</p>
<p>&nbsp;</p>
<p>Suplente: Marinês dos Santos Donxeva Jerônimo</p>
</td>
</tr>
<tr style="text-align: center;">
<td width="662"><strong>REPRESENTANTES DA ESCOLAS DE CAMPO</strong></td>
</tr>
<tr style="text-align: center;">
<td width="662">
<p>Titular: Eveline do Nascimento Ribas</p>
<p>&nbsp;</p>
<p>Suplente: Fernanda dos Santos Martins Hayakama</p>
</td>
</tr>
<tr style="text-align: center;">
<td width="662"><strong>REPRESENTANTE DO CONSELHO TUTELAR TITULAR</strong></td>
</tr>
<tr>
<td width="662">
<p style="text-align: center;">Titular: Carmen Leia Marques</p>
<p style="text-align: center;">
<p style="text-align: center;">Suplente Khalil Issan Pereira Ltaif</p>
</td>
</tr>
<tr>
<td width="662"></td>
</tr>
</tbody>
</table>
<p><strong></strong></p>
<p>[/et_pb_text][/et_pb_column][/et_pb_row][/et_pb_section][et_pb_section fb_built=&#8221;1&#8243; prev_background_color=&#8221;#ffffff&#8221; _builder_version=&#8221;4.9.0&#8243; _module_preset=&#8221;default&#8221; background_color=&#8221;#f6eeee&#8221; custom_padding=&#8221;164px|||||&#8221; top_divider_style=&#8221;wave&#8221;][et_pb_row column_structure=&#8221;1_3,1_3,1_3&#8243; _builder_version=&#8221;4.9.0&#8243; _module_preset=&#8221;default&#8221;][et_pb_column type=&#8221;1_3&#8243; _builder_version=&#8221;4.9.0&#8243; _module_preset=&#8221;default&#8221;][et_pb_blog include_categories=&#8221;62&#8243; _builder_version=&#8221;4.9.0&#8243; _module_preset=&#8221;default&#8221;][/et_pb_blog][/et_pb_column][et_pb_column type=&#8221;1_3&#8243; _builder_version=&#8221;4.9.0&#8243; _module_preset=&#8221;default&#8221;][/et_pb_column][et_pb_column type=&#8221;1_3&#8243; _builder_version=&#8221;4.9.0&#8243; _module_preset=&#8221;default&#8221;][/et_pb_column][/et_pb_row][/et_pb_section]</p>

<p>[et_pb_section fb_built=&#8221;1&#8243; fullwidth=&#8221;on&#8221; _builder_version=&#8221;4.9.0&#8243; _module_preset=&#8221;default&#8221; top_divider_style=&#8221;wave&#8221; top_divider_color=&#8221;#FFFFFF&#8221; top_divider_height=&#8221;83px&#8221; top_divider_height_tablet=&#8221;&#8221; top_divider_height_phone=&#8221;41px&#8221; top_divider_height_last_edited=&#8221;on|phone&#8221; bottom_divider_style=&#8221;wave&#8221; bottom_divider_color=&#8221;#FFFFFF&#8221; bottom_divider_height=&#8221;75px&#8221; bottom_divider_height_tablet=&#8221;&#8221; bottom_divider_height_phone=&#8221;42px&#8221; bottom_divider_height_last_edited=&#8221;on|phone&#8221;][et_pb_fullwidth_header title=&#8221;Conselho da FUNDEB&#8221; subhead=&#8221;CACS&#8221; text_orientation=&#8221;center&#8221; _builder_version=&#8221;4.9.0&#8243; _module_preset=&#8221;default&#8221; title_font=&#8221;Montserrat|900|||||||&#8221; title_font_size=&#8221;36px&#8221; subhead_font=&#8221;Montserrat||||||||&#8221; subhead_font_size=&#8221;26px&#8221; background_color=&#8221;#38536b&#8221; background_image=&#8221;http://www.terenos.ms.gov.br/wp-content/uploads/teste-4.jpg&#8221; custom_padding=&#8221;99px||92px|||&#8221;][/et_pb_fullwidth_header][/et_pb_section][et_pb_section fb_built=&#8221;1&#8243; _builder_version=&#8221;4.9.0&#8243; _module_preset=&#8221;default&#8221;][et_pb_row _builder_version=&#8221;4.9.0&#8243; _module_preset=&#8221;default&#8221;][et_pb_column type=&#8221;4_4&#8243; _builder_version=&#8221;4.9.0&#8243; _module_preset=&#8221;default&#8221;][et_pb_blurb title=&#8221;Secretária de Educação, Cultura, Esporte e Lazer&#8221; image=&#8221;http://www.terenos.ms.gov.br/wp-content/uploads/perfil-mulher.png&#8221; image_max_width=&#8221;19%&#8221; content_max_width=&#8221;362px&#8221; _builder_version=&#8221;4.9.0&#8243; _module_preset=&#8221;default&#8221; header_font=&#8221;Montserrat|900|||||||&#8221; header_text_color=&#8221;#38536b&#8221; header_line_height=&#8221;1.3em&#8221; body_font=&#8221;Montserrat||||||||&#8221; [&hellip;]</p>
